{"id":718,"date":"2018-09-05T15:59:47","date_gmt":"2018-09-05T13:59:47","guid":{"rendered":"http:\/\/musique-equilibre.com\/me\/?page_id=718"},"modified":"2026-01-13T17:25:48","modified_gmt":"2026-01-13T16:25:48","slug":"stage-afdas","status":"publish","type":"page","link":"https:\/\/musique-equilibre.com\/me\/index.php\/stage-afdas\/","title":{"rendered":"Stage financ\u00e9s par l AFDAS"},"content":{"rendered":"<h2 style=\"text-align: center;\"><span style=\"font-family: coves;\"><strong>STAGE FINANC\u00c9 PAR L&rsquo;ADFAS<\/strong><\/span><\/h2>\n\n<p><strong><span style=\"font-family: coves;\">Sur projet\u00a0<\/span><\/strong><br \/><strong><span style=\"font-family: coves;\">CV<\/span><\/strong><br \/><strong><span style=\"font-family: coves;\">Lettre de motivation<\/span><\/strong><\/p>\n\n<h3><span style=\"font-family: coves; color: #e25417;\">PUBLIC<\/span><\/h3>\n<p><span style=\"font-family: coves;\">Accessible en formation continue. Toute personne travaillant dans le secteur du spectacle vivant, cotisant \u00e0 l&rsquo;<a href=\"https:\/\/www.afdas.com\/\" target=\"_blank\" rel=\"noreferrer noopener\">AFDAS<\/a> (voir crit\u00e8res anciennet\u00e9 et montant sur le site de l&rsquo;AFDAS), souhaitant se perfectionner sur une ou un ensemble de comp\u00e9tences musicales.<\/span><\/p>\n<h3><span style=\"font-family: coves; color: #e25417;\">OBJECTIF DE LA FORMATION<\/span><\/h3>\n<p><span style=\"font-family: coves;\">Pour les artistes en formation continue, le stage AFDAS est un cycle de perfectionnement. Le programme est d\u00e9fini avec l\u2019artiste selon ses besoins afin de lui apporter des atouts dans son m\u00e9tier.<\/span><\/p>\n<h3><span style=\"font-family: coves; color: #e25417;\">TARIF<\/span><\/h3>\n<p><span style=\"font-family: coves;\">En fonction de la demande<\/span><\/p>\n<h3><span style=\"font-family: coves; color: #e25417;\">PR\u00c9-REQUIS<\/span><\/h3>\n<p><span style=\"font-family: coves;\">Avoir suffisamment de droits AFDAS. Avoir un projet de formation. Entretien avant l&rsquo;entr\u00e9e en formation.<\/span><\/p>\n\n\n<hr class=\"wp-block-separator has-alpha-channel-opacity\"\/>\n\n\n<p style=\"text-align: center;\"><span style=\"font-family: coves; color: #e25417;\">100%<\/span><br \/><span style=\"font-family: coves;\">de satisfaction des stagiaires<\/span><\/p>\n\n\n<figure class=\"wp-block-embed is-type-video is-provider-youtube wp-block-embed-youtube wp-embed-aspect-16-9 wp-has-aspect-ratio\"><div class=\"wp-block-embed__wrapper\">\n<iframe title=\"Un STAGE pro facile \u00e0 mettre en place - Serge parle de Musique et \u00c9quilibre\" width=\"1140\" height=\"641\" src=\"https:\/\/www.youtube.com\/embed\/4yerqRAgilA?feature=oembed\" frameborder=\"0\" allow=\"accelerometer; autoplay; clipboard-write; encrypted-media; gyroscope; picture-in-picture; web-share\" referrerpolicy=\"strict-origin-when-cross-origin\" allowfullscreen><\/iframe>\n<\/div><\/figure>\n","protected":false},"excerpt":{"rendered":"<p>STAGE FINANC\u00c9 PAR L&rsquo;ADFAS Sur projet\u00a0CVLettre de motivation PUBLIC Accessible en formation continue. Toute personne travaillant dans le secteur du spectacle vivant, cotisant \u00e0 l&rsquo;AFDAS (voir crit\u00e8res anciennet\u00e9 et montant sur le site de l&rsquo;AFDAS), souhaitant se perfectionner sur une ou un ensemble de comp\u00e9tences musicales. OBJECTIF DE LA FORMATION Pour les artistes en formation [&hellip;]<\/p>\n","protected":false},"author":1,"featured_media":0,"parent":0,"menu_order":0,"comment_status":"closed","ping_status":"closed","template":"","meta":{"footnotes":""},"class_list":["post-718","page","type-page","status-publish","czr-hentry"],"yoast_head":"<!-- This site is optimized with the Yoast SEO plugin v26.8 - https:\/\/yoast.com\/product\/yoast-seo-wordpress\/ -->\n<title>Stage financ\u00e9s par l AFDAS - Musique et Equilibre<\/title>\n<meta name=\"description\" content=\"Pour les artistes en formation continue, le stage AFDAS est un cycle de perfectionnement. Le programme est d\u00e9fini avec l\u2019artiste.\" \/>\n<meta name=\"robots\" content=\"index, follow, max-snippet:-1, max-image-preview:large, max-video-preview:-1\" \/>\n<link rel=\"canonical\" href=\"https:\/\/musique-equilibre.com\/me\/index.php\/stage-afdas\/\" \/>\n<meta property=\"og:locale\" content=\"fr_FR\" \/>\n<meta property=\"og:type\" content=\"article\" \/>\n<meta property=\"og:title\" content=\"Stage financ\u00e9s par l AFDAS - Musique et Equilibre\" \/>\n<meta property=\"og:description\" content=\"Pour les artistes en formation continue, le stage AFDAS est un cycle de perfectionnement. Le programme est d\u00e9fini avec l\u2019artiste.\" \/>\n<meta property=\"og:url\" content=\"https:\/\/musique-equilibre.com\/me\/index.php\/stage-afdas\/\" \/>\n<meta property=\"og:site_name\" content=\"Musique et Equilibre\" \/>\n<meta property=\"article:publisher\" content=\"https:\/\/www.facebook.com\/MusiqueetEquilibre45\" \/>\n<meta property=\"article:modified_time\" content=\"2026-01-13T16:25:48+00:00\" \/>\n<meta name=\"twitter:card\" content=\"summary_large_image\" \/>\n<meta name=\"twitter:site\" content=\"@Musiquequilibre\" \/>\n<meta name=\"twitter:label1\" content=\"Dur\u00e9e de lecture estim\u00e9e\" \/>\n\t<meta name=\"twitter:data1\" content=\"1 minute\" \/>\n<script type=\"application\/ld+json\" class=\"yoast-schema-graph\">{\"@context\":\"https:\/\/schema.org\",\"@graph\":[{\"@type\":\"WebPage\",\"@id\":\"https:\/\/musique-equilibre.com\/me\/index.php\/stage-afdas\/\",\"url\":\"https:\/\/musique-equilibre.com\/me\/index.php\/stage-afdas\/\",\"name\":\"Stage financ\u00e9s par l AFDAS - Musique et Equilibre\",\"isPartOf\":{\"@id\":\"https:\/\/musique-equilibre.com\/me\/#website\"},\"datePublished\":\"2018-09-05T13:59:47+00:00\",\"dateModified\":\"2026-01-13T16:25:48+00:00\",\"description\":\"Pour les artistes en formation continue, le stage AFDAS est un cycle de perfectionnement. Le programme est d\u00e9fini avec l\u2019artiste.\",\"breadcrumb\":{\"@id\":\"https:\/\/musique-equilibre.com\/me\/index.php\/stage-afdas\/#breadcrumb\"},\"inLanguage\":\"fr-FR\",\"potentialAction\":[{\"@type\":\"ReadAction\",\"target\":[\"https:\/\/musique-equilibre.com\/me\/index.php\/stage-afdas\/\"]}]},{\"@type\":\"BreadcrumbList\",\"@id\":\"https:\/\/musique-equilibre.com\/me\/index.php\/stage-afdas\/#breadcrumb\",\"itemListElement\":[{\"@type\":\"ListItem\",\"position\":1,\"name\":\"Accueil\",\"item\":\"https:\/\/musique-equilibre.com\/me\/\"},{\"@type\":\"ListItem\",\"position\":2,\"name\":\"Stage financ\u00e9s par l AFDAS\"}]},{\"@type\":\"WebSite\",\"@id\":\"https:\/\/musique-equilibre.com\/me\/#website\",\"url\":\"https:\/\/musique-equilibre.com\/me\/\",\"name\":\"Musique et Equilibre\",\"description\":\"\",\"publisher\":{\"@id\":\"https:\/\/musique-equilibre.com\/me\/#organization\"},\"potentialAction\":[{\"@type\":\"SearchAction\",\"target\":{\"@type\":\"EntryPoint\",\"urlTemplate\":\"https:\/\/musique-equilibre.com\/me\/?s={search_term_string}\"},\"query-input\":{\"@type\":\"PropertyValueSpecification\",\"valueRequired\":true,\"valueName\":\"search_term_string\"}}],\"inLanguage\":\"fr-FR\"},{\"@type\":\"Organization\",\"@id\":\"https:\/\/musique-equilibre.com\/me\/#organization\",\"name\":\"Musique et Equilibre\",\"alternateName\":\"\u00c9cole de musique et salle de concert \u00e0 Orl\u00e9ans\",\"url\":\"https:\/\/musique-equilibre.com\/me\/\",\"logo\":{\"@type\":\"ImageObject\",\"inLanguage\":\"fr-FR\",\"@id\":\"https:\/\/musique-equilibre.com\/me\/#\/schema\/logo\/image\/\",\"url\":\"https:\/\/musique-equilibre.com\/me\/wp-content\/uploads\/2022\/11\/cropped-Logo_orange_texture-1.png\",\"contentUrl\":\"https:\/\/musique-equilibre.com\/me\/wp-content\/uploads\/2022\/11\/cropped-Logo_orange_texture-1.png\",\"width\":512,\"height\":512,\"caption\":\"Musique et Equilibre\"},\"image\":{\"@id\":\"https:\/\/musique-equilibre.com\/me\/#\/schema\/logo\/image\/\"},\"sameAs\":[\"https:\/\/www.facebook.com\/MusiqueetEquilibre45\",\"https:\/\/x.com\/Musiquequilibre\",\"https:\/\/www.instagram.com\/musique_et_equilibre_\/\",\"https:\/\/www.linkedin.com\/company\/musique-&amp;-equilibre\/\",\"https:\/\/www.youtube.com\/c\/MusiqueEquilibreOrleans\/\"]}]}<\/script>\n<!-- \/ Yoast SEO plugin. -->","yoast_head_json":{"title":"Stage financ\u00e9s par l AFDAS - Musique et Equilibre","description":"Pour les artistes en formation continue, le stage AFDAS est un cycle de perfectionnement. Le programme est d\u00e9fini avec l\u2019artiste.","robots":{"index":"index","follow":"follow","max-snippet":"max-snippet:-1","max-image-preview":"max-image-preview:large","max-video-preview":"max-video-preview:-1"},"canonical":"https:\/\/musique-equilibre.com\/me\/index.php\/stage-afdas\/","og_locale":"fr_FR","og_type":"article","og_title":"Stage financ\u00e9s par l AFDAS - Musique et Equilibre","og_description":"Pour les artistes en formation continue, le stage AFDAS est un cycle de perfectionnement. Le programme est d\u00e9fini avec l\u2019artiste.","og_url":"https:\/\/musique-equilibre.com\/me\/index.php\/stage-afdas\/","og_site_name":"Musique et Equilibre","article_publisher":"https:\/\/www.facebook.com\/MusiqueetEquilibre45","article_modified_time":"2026-01-13T16:25:48+00:00","twitter_card":"summary_large_image","twitter_site":"@Musiquequilibre","twitter_misc":{"Dur\u00e9e de lecture estim\u00e9e":"1 minute"},"schema":{"@context":"https:\/\/schema.org","@graph":[{"@type":"WebPage","@id":"https:\/\/musique-equilibre.com\/me\/index.php\/stage-afdas\/","url":"https:\/\/musique-equilibre.com\/me\/index.php\/stage-afdas\/","name":"Stage financ\u00e9s par l AFDAS - Musique et Equilibre","isPartOf":{"@id":"https:\/\/musique-equilibre.com\/me\/#website"},"datePublished":"2018-09-05T13:59:47+00:00","dateModified":"2026-01-13T16:25:48+00:00","description":"Pour les artistes en formation continue, le stage AFDAS est un cycle de perfectionnement. Le programme est d\u00e9fini avec l\u2019artiste.","breadcrumb":{"@id":"https:\/\/musique-equilibre.com\/me\/index.php\/stage-afdas\/#breadcrumb"},"inLanguage":"fr-FR","potentialAction":[{"@type":"ReadAction","target":["https:\/\/musique-equilibre.com\/me\/index.php\/stage-afdas\/"]}]},{"@type":"BreadcrumbList","@id":"https:\/\/musique-equilibre.com\/me\/index.php\/stage-afdas\/#breadcrumb","itemListElement":[{"@type":"ListItem","position":1,"name":"Accueil","item":"https:\/\/musique-equilibre.com\/me\/"},{"@type":"ListItem","position":2,"name":"Stage financ\u00e9s par l AFDAS"}]},{"@type":"WebSite","@id":"https:\/\/musique-equilibre.com\/me\/#website","url":"https:\/\/musique-equilibre.com\/me\/","name":"Musique et Equilibre","description":"","publisher":{"@id":"https:\/\/musique-equilibre.com\/me\/#organization"},"potentialAction":[{"@type":"SearchAction","target":{"@type":"EntryPoint","urlTemplate":"https:\/\/musique-equilibre.com\/me\/?s={search_term_string}"},"query-input":{"@type":"PropertyValueSpecification","valueRequired":true,"valueName":"search_term_string"}}],"inLanguage":"fr-FR"},{"@type":"Organization","@id":"https:\/\/musique-equilibre.com\/me\/#organization","name":"Musique et Equilibre","alternateName":"\u00c9cole de musique et salle de concert \u00e0 Orl\u00e9ans","url":"https:\/\/musique-equilibre.com\/me\/","logo":{"@type":"ImageObject","inLanguage":"fr-FR","@id":"https:\/\/musique-equilibre.com\/me\/#\/schema\/logo\/image\/","url":"https:\/\/musique-equilibre.com\/me\/wp-content\/uploads\/2022\/11\/cropped-Logo_orange_texture-1.png","contentUrl":"https:\/\/musique-equilibre.com\/me\/wp-content\/uploads\/2022\/11\/cropped-Logo_orange_texture-1.png","width":512,"height":512,"caption":"Musique et Equilibre"},"image":{"@id":"https:\/\/musique-equilibre.com\/me\/#\/schema\/logo\/image\/"},"sameAs":["https:\/\/www.facebook.com\/MusiqueetEquilibre45","https:\/\/x.com\/Musiquequilibre","https:\/\/www.instagram.com\/musique_et_equilibre_\/","https:\/\/www.linkedin.com\/company\/musique-&amp;-equilibre\/","https:\/\/www.youtube.com\/c\/MusiqueEquilibreOrleans\/"]}]}},"_links":{"self":[{"href":"https:\/\/musique-equilibre.com\/me\/index.php\/wp-json\/wp\/v2\/pages\/718","targetHints":{"allow":["GET"]}}],"collection":[{"href":"https:\/\/musique-equilibre.com\/me\/index.php\/wp-json\/wp\/v2\/pages"}],"about":[{"href":"https:\/\/musique-equilibre.com\/me\/index.php\/wp-json\/wp\/v2\/types\/page"}],"author":[{"embeddable":true,"href":"https:\/\/musique-equilibre.com\/me\/index.php\/wp-json\/wp\/v2\/users\/1"}],"replies":[{"embeddable":true,"href":"https:\/\/musique-equilibre.com\/me\/index.php\/wp-json\/wp\/v2\/comments?post=718"}],"version-history":[{"count":42,"href":"https:\/\/musique-equilibre.com\/me\/index.php\/wp-json\/wp\/v2\/pages\/718\/revisions"}],"predecessor-version":[{"id":18360,"href":"https:\/\/musique-equilibre.com\/me\/index.php\/wp-json\/wp\/v2\/pages\/718\/revisions\/18360"}],"wp:attachment":[{"href":"https:\/\/musique-equilibre.com\/me\/index.php\/wp-json\/wp\/v2\/media?parent=718"}],"curies":[{"name":"wp","href":"https:\/\/api.w.org\/{rel}","templated":true}]}}

Stage financés par l AFDAS

<h2 style="text-align: center;"><span style="font-family: coves;"><strong>STAGE FINANCÉ PAR L&rsquo;ADFAS</strong></span></h2>

<p><strong><span style="font-family: coves;">Sur projet </span></strong><br /><strong><span style="font-family: coves;">CV</span></strong><br /><strong><span style="font-family: coves;">Lettre de motivation</span></strong></p>

<h3><span style="font-family: coves; color: #e25417;">PUBLIC</span></h3>
<p><span style="font-family: coves;">Accessible en formation continue. Toute personne travaillant dans le secteur du spectacle vivant, cotisant à l&rsquo;<a href="https://www.afdas.com/" target="_blank" rel="noreferrer noopener">AFDAS</a> (voir critères ancienneté et montant sur le site de l&rsquo;AFDAS), souhaitant se perfectionner sur une ou un ensemble de compétences musicales.</span></p>
<h3><span style="font-family: coves; color: #e25417;">OBJECTIF DE LA FORMATION</span></h3>
<p><span style="font-family: coves;">Pour les artistes en formation continue, le stage AFDAS est un cycle de perfectionnement. Le programme est défini avec l’artiste selon ses besoins afin de lui apporter des atouts dans son métier.</span></p>
<h3><span style="font-family: coves; color: #e25417;">TARIF</span></h3>
<p><span style="font-family: coves;">En fonction de la demande</span></p>
<h3><span style="font-family: coves; color: #e25417;">PRÉ-REQUIS</span></h3>
<p><span style="font-family: coves;">Avoir suffisamment de droits AFDAS. Avoir un projet de formation. Entretien avant l&rsquo;entrée en formation.</span></p>


<hr class="wp-block-separator has-alpha-channel-opacity"/>


<p style="text-align: center;"><span style="font-family: coves; color: #e25417;">100%</span><br /><span style="font-family: coves;">de satisfaction des stagiaires</span></p>


<figure class="wp-block-embed is-type-video is-provider-youtube wp-block-embed-youtube wp-embed-aspect-16-9 wp-has-aspect-ratio"><div class="wp-block-embed__wrapper">
<iframe title="Un STAGE pro facile à mettre en place - Serge parle de Musique et Équilibre" width="1140" height="641" src="https://www.youtube.com/embed/4yerqRAgilA?feature=oembed" frameborder="0" allow="accelerometer; autoplay; clipboard-write; encrypted-media; gyroscope; picture-in-picture; web-share" referrerpolicy="strict-origin-when-cross-origin" allowfullscreen></iframe>
</div></figure>

<p>STAGE FINANCÉ PAR L&rsquo;ADFAS Sur projet CVLettre de motivation PUBLIC Accessible en formation continue. Toute personne travaillant dans le secteur du spectacle vivant, cotisant à l&rsquo;AFDAS (voir critères ancienneté et montant sur le site de l&rsquo;AFDAS), souhaitant se perfectionner sur une ou un ensemble de compétences musicales. OBJECTIF DE LA FORMATION Pour les artistes en formation [&hellip;]</p>

<!-- This site is optimized with the Yoast SEO plugin v26.8 - https://yoast.com/product/yoast-seo-wordpress/ -->
<title>Stage financés par l AFDAS - Musique et Equilibre</title>
<meta name="description" content="Pour les artistes en formation continue, le stage AFDAS est un cycle de perfectionnement. Le programme est défini avec l’artiste." />
<meta name="robots" content="index, follow, max-snippet:-1, max-image-preview:large, max-video-preview:-1" />
<link rel="canonical" href="https://musique-equilibre.com/me/index.php/stage-afdas/" />
<meta property="og:locale" content="fr_FR" />
<meta property="og:type" content="article" />
<meta property="og:title" content="Stage financés par l AFDAS - Musique et Equilibre" />
<meta property="og:description" content="Pour les artistes en formation continue, le stage AFDAS est un cycle de perfectionnement. Le programme est défini avec l’artiste." />
<meta property="og:url" content="https://musique-equilibre.com/me/index.php/stage-afdas/" />
<meta property="og:site_name" content="Musique et Equilibre" />
<meta property="article:publisher" content="https://www.facebook.com/MusiqueetEquilibre45" />
<meta property="article:modified_time" content="2026-01-13T16:25:48+00:00" />
<meta name="twitter:card" content="summary_large_image" />
<meta name="twitter:site" content="@Musiquequilibre" />
<meta name="twitter:label1" content="Durée de lecture estimée" />
	<meta name="twitter:data1" content="1 minute" />
<script type="application/ld+json" class="yoast-schema-graph">{"@context":"https://schema.org","@graph":[{"@type":"WebPage","@id":"https://musique-equilibre.com/me/index.php/stage-afdas/","url":"https://musique-equilibre.com/me/index.php/stage-afdas/","name":"Stage financés par l AFDAS - Musique et Equilibre","isPartOf":{"@id":"https://musique-equilibre.com/me/#website"},"datePublished":"2018-09-05T13:59:47+00:00","dateModified":"2026-01-13T16:25:48+00:00","description":"Pour les artistes en formation continue, le stage AFDAS est un cycle de perfectionnement. Le programme est défini avec l’artiste.","breadcrumb":{"@id":"https://musique-equilibre.com/me/index.php/stage-afdas/#breadcrumb"},"inLanguage":"fr-FR","potentialAction":[{"@type":"ReadAction","target":["https://musique-equilibre.com/me/index.php/stage-afdas/"]}]},{"@type":"BreadcrumbList","@id":"https://musique-equilibre.com/me/index.php/stage-afdas/#breadcrumb","itemListElement":[{"@type":"ListItem","position":1,"name":"Accueil","item":"https://musique-equilibre.com/me/"},{"@type":"ListItem","position":2,"name":"Stage financés par l AFDAS"}]},{"@type":"WebSite","@id":"https://musique-equilibre.com/me/#website","url":"https://musique-equilibre.com/me/","name":"Musique et Equilibre","description":"","publisher":{"@id":"https://musique-equilibre.com/me/#organization"},"potentialAction":[{"@type":"SearchAction","target":{"@type":"EntryPoint","urlTemplate":"https://musique-equilibre.com/me/?s={search_term_string}"},"query-input":{"@type":"PropertyValueSpecification","valueRequired":true,"valueName":"search_term_string"}}],"inLanguage":"fr-FR"},{"@type":"Organization","@id":"https://musique-equilibre.com/me/#organization","name":"Musique et Equilibre","alternateName":"École de musique et salle de concert à Orléans","url":"https://musique-equilibre.com/me/","logo":{"@type":"ImageObject","inLanguage":"fr-FR","@id":"https://musique-equilibre.com/me/#/schema/logo/image/","url":"https://musique-equilibre.com/me/wp-content/uploads/2022/11/cropped-Logo_orange_texture-1.png","contentUrl":"https://musique-equilibre.com/me/wp-content/uploads/2022/11/cropped-Logo_orange_texture-1.png","width":512,"height":512,"caption":"Musique et Equilibre"},"image":{"@id":"https://musique-equilibre.com/me/#/schema/logo/image/"},"sameAs":["https://www.facebook.com/MusiqueetEquilibre45","https://x.com/Musiquequilibre","https://www.instagram.com/musique_et_equilibre_/","https://www.linkedin.com/company/musique-&amp;-equilibre/","https://www.youtube.com/c/MusiqueEquilibreOrleans/"]}]}</script>
<!-- / Yoast SEO plugin. -->

Stage financés par l AFDAS - Musique et Equilibre

Pour les artistes en formation continue, le stage AFDAS est un cycle de perfectionnement. Le programme est défini avec l’artiste.

École de musique et salle de concert à Orléans
