{"id":10252,"date":"2022-09-22T17:55:33","date_gmt":"2022-09-22T15:55:33","guid":{"rendered":"http:\/\/musique-equilibre.com\/me\/?page_id=10252"},"modified":"2025-11-05T14:03:22","modified_gmt":"2025-11-05T13:03:22","slug":"espace-presse","status":"publish","type":"page","link":"https:\/\/musique-equilibre.com\/me\/index.php\/espace-presse\/","title":{"rendered":"Espace presse"},"content":{"rendered":"\n<h6 class=\"wp-block-heading has-white-color has-text-color\">espace presse<\/h6>\n\n\n<div class=\"wp-block-image\">\n<figure class=\"aligncenter size-large is-resized\"><img fetchpriority=\"high\" decoding=\"async\" width=\"1024\" height=\"233\" src=\"https:\/\/musique-equilibre.com\/me\/wp-content\/uploads\/2022\/12\/Logo_petit_orange-1024x233.png\" alt=\"espace presse musique et \u00e9quilibre orl\u00e9ans \u00e9cole de musique\" class=\"wp-image-10911\" style=\"width:700px;height:160px\" srcset=\"https:\/\/musique-equilibre.com\/me\/wp-content\/uploads\/2022\/12\/Logo_petit_orange-1024x233.png 1024w, https:\/\/musique-equilibre.com\/me\/wp-content\/uploads\/2022\/12\/Logo_petit_orange-300x68.png 300w, https:\/\/musique-equilibre.com\/me\/wp-content\/uploads\/2022\/12\/Logo_petit_orange-150x34.png 150w, https:\/\/musique-equilibre.com\/me\/wp-content\/uploads\/2022\/12\/Logo_petit_orange-768x175.png 768w, https:\/\/musique-equilibre.com\/me\/wp-content\/uploads\/2022\/12\/Logo_petit_orange.png 1500w\" sizes=\"(max-width: 1024px) 100vw, 1024px\" \/><\/figure><\/div>\n\n\n<p class=\"has-text-align-center has-white-color has-text-color\">espace presse<\/p>\n\n\n\n<p><a href=\"https:\/\/musique-equilibre.com\/me\/wp-content\/uploads\/2023\/01\/Logos.zip\" target=\"_blank\" rel=\"noreferrer noopener\">Logos<\/a><\/p>\n\n\n\n<p><a href=\"https:\/\/musique-equilibre.com\/me\/wp-content\/uploads\/2023\/01\/Photos-Argonaute.zip\" target=\"_blank\" rel=\"noreferrer noopener\">Photos Argonaute<\/a><\/p>\n","protected":false},"excerpt":{"rendered":"<p>espace presse espace presse Logos Photos Argonaute<\/p>\n","protected":false},"author":1,"featured_media":0,"parent":0,"menu_order":0,"comment_status":"closed","ping_status":"closed","template":"","meta":{"footnotes":""},"class_list":["post-10252","page","type-page","status-publish","czr-hentry"],"yoast_head":"<!-- This site is optimized with the Yoast SEO plugin v26.8 - https:\/\/yoast.com\/product\/yoast-seo-wordpress\/ -->\n<title>Espace presse - Musique et Equilibre<\/title>\n<meta name=\"description\" content=\"Espace presse. Dossier de presse, logos et photos de Musique et \u00c9quilibre, \u00e9cole de musiques actuelles, \u00e0 destinations de la presse.\" \/>\n<meta name=\"robots\" content=\"index, follow, max-snippet:-1, max-image-preview:large, max-video-preview:-1\" \/>\n<link rel=\"canonical\" href=\"https:\/\/musique-equilibre.com\/me\/index.php\/espace-presse\/\" \/>\n<meta property=\"og:locale\" content=\"fr_FR\" \/>\n<meta property=\"og:type\" content=\"article\" \/>\n<meta property=\"og:title\" content=\"Espace presse - Musique et Equilibre\" \/>\n<meta property=\"og:description\" content=\"Espace presse. Dossier de presse, logos et photos de Musique et \u00c9quilibre, \u00e9cole de musiques actuelles, \u00e0 destinations de la presse.\" \/>\n<meta property=\"og:url\" content=\"https:\/\/musique-equilibre.com\/me\/index.php\/espace-presse\/\" \/>\n<meta property=\"og:site_name\" content=\"Musique et Equilibre\" \/>\n<meta property=\"article:publisher\" content=\"https:\/\/www.facebook.com\/MusiqueetEquilibre45\" \/>\n<meta property=\"article:modified_time\" content=\"2025-11-05T13:03:22+00:00\" \/>\n<meta property=\"og:image\" content=\"https:\/\/musique-equilibre.com\/me\/wp-content\/uploads\/2022\/12\/Logo_petit_orange.png\" \/>\n\t<meta property=\"og:image:width\" content=\"1500\" \/>\n\t<meta property=\"og:image:height\" content=\"342\" \/>\n\t<meta property=\"og:image:type\" content=\"image\/png\" \/>\n<meta name=\"twitter:card\" content=\"summary_large_image\" \/>\n<meta name=\"twitter:site\" content=\"@Musiquequilibre\" \/>\n<meta name=\"twitter:label1\" content=\"Dur\u00e9e de lecture estim\u00e9e\" \/>\n\t<meta name=\"twitter:data1\" content=\"1 minute\" \/>\n<script type=\"application\/ld+json\" class=\"yoast-schema-graph\">{\"@context\":\"https:\/\/schema.org\",\"@graph\":[{\"@type\":\"WebPage\",\"@id\":\"https:\/\/musique-equilibre.com\/me\/index.php\/espace-presse\/\",\"url\":\"https:\/\/musique-equilibre.com\/me\/index.php\/espace-presse\/\",\"name\":\"Espace presse - Musique et Equilibre\",\"isPartOf\":{\"@id\":\"https:\/\/musique-equilibre.com\/me\/#website\"},\"primaryImageOfPage\":{\"@id\":\"https:\/\/musique-equilibre.com\/me\/index.php\/espace-presse\/#primaryimage\"},\"image\":{\"@id\":\"https:\/\/musique-equilibre.com\/me\/index.php\/espace-presse\/#primaryimage\"},\"thumbnailUrl\":\"http:\/\/musique-equilibre.com\/me\/wp-content\/uploads\/2022\/12\/Logo_petit_orange-1024x233.png\",\"datePublished\":\"2022-09-22T15:55:33+00:00\",\"dateModified\":\"2025-11-05T13:03:22+00:00\",\"description\":\"Espace presse. Dossier de presse, logos et photos de Musique et \u00c9quilibre, \u00e9cole de musiques actuelles, \u00e0 destinations de la presse.\",\"breadcrumb\":{\"@id\":\"https:\/\/musique-equilibre.com\/me\/index.php\/espace-presse\/#breadcrumb\"},\"inLanguage\":\"fr-FR\",\"potentialAction\":[{\"@type\":\"ReadAction\",\"target\":[\"https:\/\/musique-equilibre.com\/me\/index.php\/espace-presse\/\"]}]},{\"@type\":\"ImageObject\",\"inLanguage\":\"fr-FR\",\"@id\":\"https:\/\/musique-equilibre.com\/me\/index.php\/espace-presse\/#primaryimage\",\"url\":\"http:\/\/musique-equilibre.com\/me\/wp-content\/uploads\/2022\/12\/Logo_petit_orange-1024x233.png\",\"contentUrl\":\"http:\/\/musique-equilibre.com\/me\/wp-content\/uploads\/2022\/12\/Logo_petit_orange-1024x233.png\"},{\"@type\":\"BreadcrumbList\",\"@id\":\"https:\/\/musique-equilibre.com\/me\/index.php\/espace-presse\/#breadcrumb\",\"itemListElement\":[{\"@type\":\"ListItem\",\"position\":1,\"name\":\"Accueil\",\"item\":\"https:\/\/musique-equilibre.com\/me\/\"},{\"@type\":\"ListItem\",\"position\":2,\"name\":\"Espace presse\"}]},{\"@type\":\"WebSite\",\"@id\":\"https:\/\/musique-equilibre.com\/me\/#website\",\"url\":\"https:\/\/musique-equilibre.com\/me\/\",\"name\":\"Musique et Equilibre\",\"description\":\"\",\"publisher\":{\"@id\":\"https:\/\/musique-equilibre.com\/me\/#organization\"},\"potentialAction\":[{\"@type\":\"SearchAction\",\"target\":{\"@type\":\"EntryPoint\",\"urlTemplate\":\"https:\/\/musique-equilibre.com\/me\/?s={search_term_string}\"},\"query-input\":{\"@type\":\"PropertyValueSpecification\",\"valueRequired\":true,\"valueName\":\"search_term_string\"}}],\"inLanguage\":\"fr-FR\"},{\"@type\":\"Organization\",\"@id\":\"https:\/\/musique-equilibre.com\/me\/#organization\",\"name\":\"Musique et Equilibre\",\"alternateName\":\"\u00c9cole de musique et salle de concert \u00e0 Orl\u00e9ans\",\"url\":\"https:\/\/musique-equilibre.com\/me\/\",\"logo\":{\"@type\":\"ImageObject\",\"inLanguage\":\"fr-FR\",\"@id\":\"https:\/\/musique-equilibre.com\/me\/#\/schema\/logo\/image\/\",\"url\":\"https:\/\/musique-equilibre.com\/me\/wp-content\/uploads\/2022\/11\/cropped-Logo_orange_texture-1.png\",\"contentUrl\":\"https:\/\/musique-equilibre.com\/me\/wp-content\/uploads\/2022\/11\/cropped-Logo_orange_texture-1.png\",\"width\":512,\"height\":512,\"caption\":\"Musique et Equilibre\"},\"image\":{\"@id\":\"https:\/\/musique-equilibre.com\/me\/#\/schema\/logo\/image\/\"},\"sameAs\":[\"https:\/\/www.facebook.com\/MusiqueetEquilibre45\",\"https:\/\/x.com\/Musiquequilibre\",\"https:\/\/www.instagram.com\/musique_et_equilibre_\/\",\"https:\/\/www.linkedin.com\/company\/musique-&amp;-equilibre\/\",\"https:\/\/www.youtube.com\/c\/MusiqueEquilibreOrleans\/\"]}]}<\/script>\n<!-- \/ Yoast SEO plugin. -->","yoast_head_json":{"title":"Espace presse - Musique et Equilibre","description":"Espace presse. Dossier de presse, logos et photos de Musique et \u00c9quilibre, \u00e9cole de musiques actuelles, \u00e0 destinations de la presse.","robots":{"index":"index","follow":"follow","max-snippet":"max-snippet:-1","max-image-preview":"max-image-preview:large","max-video-preview":"max-video-preview:-1"},"canonical":"https:\/\/musique-equilibre.com\/me\/index.php\/espace-presse\/","og_locale":"fr_FR","og_type":"article","og_title":"Espace presse - Musique et Equilibre","og_description":"Espace presse. Dossier de presse, logos et photos de Musique et \u00c9quilibre, \u00e9cole de musiques actuelles, \u00e0 destinations de la presse.","og_url":"https:\/\/musique-equilibre.com\/me\/index.php\/espace-presse\/","og_site_name":"Musique et Equilibre","article_publisher":"https:\/\/www.facebook.com\/MusiqueetEquilibre45","article_modified_time":"2025-11-05T13:03:22+00:00","og_image":[{"width":1500,"height":342,"url":"https:\/\/musique-equilibre.com\/me\/wp-content\/uploads\/2022\/12\/Logo_petit_orange.png","type":"image\/png"}],"twitter_card":"summary_large_image","twitter_site":"@Musiquequilibre","twitter_misc":{"Dur\u00e9e de lecture estim\u00e9e":"1 minute"},"schema":{"@context":"https:\/\/schema.org","@graph":[{"@type":"WebPage","@id":"https:\/\/musique-equilibre.com\/me\/index.php\/espace-presse\/","url":"https:\/\/musique-equilibre.com\/me\/index.php\/espace-presse\/","name":"Espace presse - Musique et Equilibre","isPartOf":{"@id":"https:\/\/musique-equilibre.com\/me\/#website"},"primaryImageOfPage":{"@id":"https:\/\/musique-equilibre.com\/me\/index.php\/espace-presse\/#primaryimage"},"image":{"@id":"https:\/\/musique-equilibre.com\/me\/index.php\/espace-presse\/#primaryimage"},"thumbnailUrl":"http:\/\/musique-equilibre.com\/me\/wp-content\/uploads\/2022\/12\/Logo_petit_orange-1024x233.png","datePublished":"2022-09-22T15:55:33+00:00","dateModified":"2025-11-05T13:03:22+00:00","description":"Espace presse. Dossier de presse, logos et photos de Musique et \u00c9quilibre, \u00e9cole de musiques actuelles, \u00e0 destinations de la presse.","breadcrumb":{"@id":"https:\/\/musique-equilibre.com\/me\/index.php\/espace-presse\/#breadcrumb"},"inLanguage":"fr-FR","potentialAction":[{"@type":"ReadAction","target":["https:\/\/musique-equilibre.com\/me\/index.php\/espace-presse\/"]}]},{"@type":"ImageObject","inLanguage":"fr-FR","@id":"https:\/\/musique-equilibre.com\/me\/index.php\/espace-presse\/#primaryimage","url":"http:\/\/musique-equilibre.com\/me\/wp-content\/uploads\/2022\/12\/Logo_petit_orange-1024x233.png","contentUrl":"http:\/\/musique-equilibre.com\/me\/wp-content\/uploads\/2022\/12\/Logo_petit_orange-1024x233.png"},{"@type":"BreadcrumbList","@id":"https:\/\/musique-equilibre.com\/me\/index.php\/espace-presse\/#breadcrumb","itemListElement":[{"@type":"ListItem","position":1,"name":"Accueil","item":"https:\/\/musique-equilibre.com\/me\/"},{"@type":"ListItem","position":2,"name":"Espace presse"}]},{"@type":"WebSite","@id":"https:\/\/musique-equilibre.com\/me\/#website","url":"https:\/\/musique-equilibre.com\/me\/","name":"Musique et Equilibre","description":"","publisher":{"@id":"https:\/\/musique-equilibre.com\/me\/#organization"},"potentialAction":[{"@type":"SearchAction","target":{"@type":"EntryPoint","urlTemplate":"https:\/\/musique-equilibre.com\/me\/?s={search_term_string}"},"query-input":{"@type":"PropertyValueSpecification","valueRequired":true,"valueName":"search_term_string"}}],"inLanguage":"fr-FR"},{"@type":"Organization","@id":"https:\/\/musique-equilibre.com\/me\/#organization","name":"Musique et Equilibre","alternateName":"\u00c9cole de musique et salle de concert \u00e0 Orl\u00e9ans","url":"https:\/\/musique-equilibre.com\/me\/","logo":{"@type":"ImageObject","inLanguage":"fr-FR","@id":"https:\/\/musique-equilibre.com\/me\/#\/schema\/logo\/image\/","url":"https:\/\/musique-equilibre.com\/me\/wp-content\/uploads\/2022\/11\/cropped-Logo_orange_texture-1.png","contentUrl":"https:\/\/musique-equilibre.com\/me\/wp-content\/uploads\/2022\/11\/cropped-Logo_orange_texture-1.png","width":512,"height":512,"caption":"Musique et Equilibre"},"image":{"@id":"https:\/\/musique-equilibre.com\/me\/#\/schema\/logo\/image\/"},"sameAs":["https:\/\/www.facebook.com\/MusiqueetEquilibre45","https:\/\/x.com\/Musiquequilibre","https:\/\/www.instagram.com\/musique_et_equilibre_\/","https:\/\/www.linkedin.com\/company\/musique-&amp;-equilibre\/","https:\/\/www.youtube.com\/c\/MusiqueEquilibreOrleans\/"]}]}},"_links":{"self":[{"href":"https:\/\/musique-equilibre.com\/me\/index.php\/wp-json\/wp\/v2\/pages\/10252","targetHints":{"allow":["GET"]}}],"collection":[{"href":"https:\/\/musique-equilibre.com\/me\/index.php\/wp-json\/wp\/v2\/pages"}],"about":[{"href":"https:\/\/musique-equilibre.com\/me\/index.php\/wp-json\/wp\/v2\/types\/page"}],"author":[{"embeddable":true,"href":"https:\/\/musique-equilibre.com\/me\/index.php\/wp-json\/wp\/v2\/users\/1"}],"replies":[{"embeddable":true,"href":"https:\/\/musique-equilibre.com\/me\/index.php\/wp-json\/wp\/v2\/comments?post=10252"}],"version-history":[{"count":11,"href":"https:\/\/musique-equilibre.com\/me\/index.php\/wp-json\/wp\/v2\/pages\/10252\/revisions"}],"predecessor-version":[{"id":17989,"href":"https:\/\/musique-equilibre.com\/me\/index.php\/wp-json\/wp\/v2\/pages\/10252\/revisions\/17989"}],"wp:attachment":[{"href":"https:\/\/musique-equilibre.com\/me\/index.php\/wp-json\/wp\/v2\/media?parent=10252"}],"curies":[{"name":"wp","href":"https:\/\/api.w.org\/{rel}","templated":true}]}}

<h6 class="wp-block-heading has-white-color has-text-color">espace presse</h6>


<div class="wp-block-image">
<figure class="aligncenter size-large is-resized"><img fetchpriority="high" decoding="async" width="1024" height="233" src="https://musique-equilibre.com/me/wp-content/uploads/2022/12/Logo_petit_orange-1024x233.png" alt="espace presse musique et équilibre orléans école de musique" class="wp-image-10911" style="width:700px;height:160px" srcset="https://musique-equilibre.com/me/wp-content/uploads/2022/12/Logo_petit_orange-1024x233.png 1024w, https://musique-equilibre.com/me/wp-content/uploads/2022/12/Logo_petit_orange-300x68.png 300w, https://musique-equilibre.com/me/wp-content/uploads/2022/12/Logo_petit_orange-150x34.png 150w, https://musique-equilibre.com/me/wp-content/uploads/2022/12/Logo_petit_orange-768x175.png 768w, https://musique-equilibre.com/me/wp-content/uploads/2022/12/Logo_petit_orange.png 1500w" sizes="(max-width: 1024px) 100vw, 1024px" /></figure></div>


<p class="has-text-align-center has-white-color has-text-color">espace presse</p>



<p><a href="https://musique-equilibre.com/me/wp-content/uploads/2023/01/Logos.zip" target="_blank" rel="noreferrer noopener">Logos</a></p>



<p><a href="https://musique-equilibre.com/me/wp-content/uploads/2023/01/Photos-Argonaute.zip" target="_blank" rel="noreferrer noopener">Photos Argonaute</a></p>

<!-- This site is optimized with the Yoast SEO plugin v26.8 - https://yoast.com/product/yoast-seo-wordpress/ -->
<title>Espace presse - Musique et Equilibre</title>
<meta name="description" content="Espace presse. Dossier de presse, logos et photos de Musique et Équilibre, école de musiques actuelles, à destinations de la presse." />
<meta name="robots" content="index, follow, max-snippet:-1, max-image-preview:large, max-video-preview:-1" />
<link rel="canonical" href="https://musique-equilibre.com/me/index.php/espace-presse/" />
<meta property="og:locale" content="fr_FR" />
<meta property="og:type" content="article" />
<meta property="og:title" content="Espace presse - Musique et Equilibre" />
<meta property="og:description" content="Espace presse. Dossier de presse, logos et photos de Musique et Équilibre, école de musiques actuelles, à destinations de la presse." />
<meta property="og:url" content="https://musique-equilibre.com/me/index.php/espace-presse/" />
<meta property="og:site_name" content="Musique et Equilibre" />
<meta property="article:publisher" content="https://www.facebook.com/MusiqueetEquilibre45" />
<meta property="article:modified_time" content="2025-11-05T13:03:22+00:00" />
<meta property="og:image" content="https://musique-equilibre.com/me/wp-content/uploads/2022/12/Logo_petit_orange.png" />
	<meta property="og:image:width" content="1500" />
	<meta property="og:image:height" content="342" />
	<meta property="og:image:type" content="image/png" />
<meta name="twitter:card" content="summary_large_image" />
<meta name="twitter:site" content="@Musiquequilibre" />
<meta name="twitter:label1" content="Durée de lecture estimée" />
	<meta name="twitter:data1" content="1 minute" />
<script type="application/ld+json" class="yoast-schema-graph">{"@context":"https://schema.org","@graph":[{"@type":"WebPage","@id":"https://musique-equilibre.com/me/index.php/espace-presse/","url":"https://musique-equilibre.com/me/index.php/espace-presse/","name":"Espace presse - Musique et Equilibre","isPartOf":{"@id":"https://musique-equilibre.com/me/#website"},"primaryImageOfPage":{"@id":"https://musique-equilibre.com/me/index.php/espace-presse/#primaryimage"},"image":{"@id":"https://musique-equilibre.com/me/index.php/espace-presse/#primaryimage"},"thumbnailUrl":"http://musique-equilibre.com/me/wp-content/uploads/2022/12/Logo_petit_orange-1024x233.png","datePublished":"2022-09-22T15:55:33+00:00","dateModified":"2025-11-05T13:03:22+00:00","description":"Espace presse. Dossier de presse, logos et photos de Musique et Équilibre, école de musiques actuelles, à destinations de la presse.","breadcrumb":{"@id":"https://musique-equilibre.com/me/index.php/espace-presse/#breadcrumb"},"inLanguage":"fr-FR","potentialAction":[{"@type":"ReadAction","target":["https://musique-equilibre.com/me/index.php/espace-presse/"]}]},{"@type":"ImageObject","inLanguage":"fr-FR","@id":"https://musique-equilibre.com/me/index.php/espace-presse/#primaryimage","url":"http://musique-equilibre.com/me/wp-content/uploads/2022/12/Logo_petit_orange-1024x233.png","contentUrl":"http://musique-equilibre.com/me/wp-content/uploads/2022/12/Logo_petit_orange-1024x233.png"},{"@type":"BreadcrumbList","@id":"https://musique-equilibre.com/me/index.php/espace-presse/#breadcrumb","itemListElement":[{"@type":"ListItem","position":1,"name":"Accueil","item":"https://musique-equilibre.com/me/"},{"@type":"ListItem","position":2,"name":"Espace presse"}]},{"@type":"WebSite","@id":"https://musique-equilibre.com/me/#website","url":"https://musique-equilibre.com/me/","name":"Musique et Equilibre","description":"","publisher":{"@id":"https://musique-equilibre.com/me/#organization"},"potentialAction":[{"@type":"SearchAction","target":{"@type":"EntryPoint","urlTemplate":"https://musique-equilibre.com/me/?s={search_term_string}"},"query-input":{"@type":"PropertyValueSpecification","valueRequired":true,"valueName":"search_term_string"}}],"inLanguage":"fr-FR"},{"@type":"Organization","@id":"https://musique-equilibre.com/me/#organization","name":"Musique et Equilibre","alternateName":"École de musique et salle de concert à Orléans","url":"https://musique-equilibre.com/me/","logo":{"@type":"ImageObject","inLanguage":"fr-FR","@id":"https://musique-equilibre.com/me/#/schema/logo/image/","url":"https://musique-equilibre.com/me/wp-content/uploads/2022/11/cropped-Logo_orange_texture-1.png","contentUrl":"https://musique-equilibre.com/me/wp-content/uploads/2022/11/cropped-Logo_orange_texture-1.png","width":512,"height":512,"caption":"Musique et Equilibre"},"image":{"@id":"https://musique-equilibre.com/me/#/schema/logo/image/"},"sameAs":["https://www.facebook.com/MusiqueetEquilibre45","https://x.com/Musiquequilibre","https://www.instagram.com/musique_et_equilibre_/","https://www.linkedin.com/company/musique-&amp;-equilibre/","https://www.youtube.com/c/MusiqueEquilibreOrleans/"]}]}</script>
<!-- / Yoast SEO plugin. -->

Espace presse. Dossier de presse, logos et photos de Musique et Équilibre, école de musiques actuelles, à destinations de la presse.

École de musique et salle de concert à Orléans
